t are the prime factors of 1773552770?
2, 5, 11, 23, 701009
List the prime factors of 159377836.
2, 457, 87187
List the prime factors of 35495588.
2, 8873897
What are the prime factors of 84305759?
6983, 12073
List the prime factors of 74804124.
2, 3, 6233677
What are the prime factors of 109093364?
2, 19, 113, 12703
List the prime factors of 218297349.
3, 929, 967
List the prime factors of 1362938188.
2, 31, 283, 38839
What are the prime factors of 6224124?
2, 3, 331, 1567
What are the prime factors of 1165030726?
2, 582515363
What are the prime factors of 4299978?
2, 3, 716663
What are the prime factors of 51736680?
2, 3, 5, 137, 1049
What are the prime factors of 180455886?
2, 3, 13, 771179
What are the prime factors of 4843435198?
2, 7, 19, 37, 59, 439
List the prime factors of 2170713064.
2, 13, 19, 84503
What are the prime factors of 4834470908?
2, 43, 3833, 7333
List the prime factors of 159033045.
3, 5, 17, 769, 811
What are the prime factors of 117290980?
2, 5, 31, 139, 1361
What are the prime factors of 424299389?
601, 705989
List the prime factors of 401189972.
2, 31, 3235403
What are the prime factors of 9578348793?
3, 13, 191, 142873
What are the prime factors of 1707326488?
2, 7, 31, 97, 10139
What are the prime factors of 18068754?
2, 3, 11, 23, 11903
What are the prime factors of 496449970?
2, 5, 479, 103643
List the prime factors of 3636805767.
3, 7, 17, 599243
List the prime factors of 4905939128.
2, 9439, 64969
List the prime factors of 4369198020.
2, 3, 5, 11, 47, 83, 1697
What are the prime factors of 65878058?
2, 101, 3229
List the prime factors of 2570041758.
2, 3, 23, 101, 8017
What are the prime factors of 1038233912?
2, 37, 401, 8747
List the prime factors of 1301477664.
2, 3, 37, 131, 2797
List the prime factors of 823663616.
2, 71, 11329
What are the prime factors of 28290006?
2, 3, 17, 30817
List the prime factors of 289083689.
19, 15214931
What are the prime factors of 1121382985?
5, 17, 797, 16553
What are the prime factors of 341569528?
2, 373, 114467
List the prime factors of 151946144.
2, 7, 523, 1297
What are the prime factors of 1028982?
2, 3, 317, 541
What are the prime factors of 63546808?
2, 13, 611027
List the prime factors of 3006571268.
2, 151, 4977767
List the prime factors of 6305252.
2, 167, 9439
List the prime factors of 859880506.
2, 113, 379, 10039
What are the prime factors of 53770324?
2, 37, 363313
What are the prime factors of 2513657902?
2, 7, 23, 101, 77291
List the prime factors of 15059515.
5, 1291, 2333
List the prime factors of 732775999.
677, 1082387
What are the prime factors of 6784871972?
2, 17, 99777529
List the prime factors of 342204722.
2, 31, 1979, 2789
What are the prime factors of 116027778?
2, 3, 23, 347, 2423
What are the prime factors of 450695780?
2, 5, 41, 359, 1531
What are the prime factors of 1104969175?
5, 53, 479, 1741
List the prime factors of 3203323174.
2, 37, 109, 409, 971
List the prime factors of 117372707.
83, 1414129
What are the prime factors of 473430848?
2, 11, 103, 6529
List the prime factors of 349298145.
3, 5, 7, 787, 1409
What are the prime factors of 127779881?
23, 89, 62423
List the prime factors of 2553850390.
2, 5, 7, 13, 67, 41887
What are the prime factors of 4732889653?
23, 41, 5018971
What are the prime factors of 88119926?
2, 3011, 14633
What are the prime factors of 127595891?
4001, 31891
List the prime factors of 872091338.
2, 149, 2926481
List the prime factors of 105684969.
3, 13, 2709871
List the prime factors of 20928300.
2, 3, 5, 69761
What are the prime factors of 1162454025?
3, 5, 15499387
What are the prime factors of 40620456?
2, 3, 564173
List the prime factors of 1484498189.
1484498189
What are the prime factors of 2348137181?
13, 180625937
What are the prime factors of 122488047?
3, 11, 1237253
What are the prime factors of 1973263079?
109, 18103331
What are the prime factors of 7523268?
2, 3, 313, 2003
List the prime factors of 9101304.
2, 3, 19, 6653
What are the prime factors of 39136816?
2, 2446051
What are the prime factors of 642359511?
3, 97, 245269
What are the prime factors of 154337460?
2, 3, 5, 109, 23599
List the prime factors of 80885599.
80885599
What are the prime factors of 32626853?
7, 53, 87943
What are the prime factors of 4849469610?
2, 3, 5, 29, 773, 7211
What are the prime factors of 280513154?
2, 140256577
List the prime factors of 86963668.
2, 11, 353, 509
What are the prime factors of 11753524?
2, 2938381
List the prime factors of 41801946.
2, 3, 17, 409823
List the prime factors of 251507999.
6691, 37589
What are the prime factors of 110097205?
5, 23, 281, 3407
List the prime factors of 169857774.
2, 3, 9436543
What are the prime factors of 31575768?
2, 3, 7, 187951
What are the prime factors of 539594159?
13, 313, 132611
List the prime factors of 168912903.
3, 659, 85439
List the prime factors of 1903728.
2, 3, 17, 2333
List the prime factors of 67493102.
2, 33746551
List the prime factors of 587646546.
2, 3, 29, 47, 181, 397
List the prime factors of 16470519.
3, 13, 422321
List the prime factors of 4755547878.
2, 3, 792591313
List the prime factors of 4648677374.
2, 11, 2309, 91513
List the prime factors of 2440594702.
2, 7, 13, 29, 462409
What are the prime factors of 177533344?
2, 797, 6961
What are the prime factors of 1859488051?
67, 107, 259379
What are the prime factors of 20644381?
1291, 15991
What are the prime factors of 620073445?
5, 23, 859, 6277
What are the prime factors of 45604152?
2, 3, 11, 71, 811
List the prime factors of 703853449.
13, 54142573
List the prime factors of 322909012.
2, 109, 359, 2063
List the prime factors of 1371124977.
3, 7349, 62191
List the prime factors of 68387759.
11, 43, 144583
What are the prime factors of 1517877186?
2, 3, 7, 601, 60133
What are the prime factors of 62178225?
3, 5, 409, 2027
What are the prime factors of 43846821?
3, 4871869
What are the prime factors of 160860137?
17, 19, 23, 59, 367
List the prime factors of 21856463.
23, 950281
List the prime factors of 2183353827.
3, 29, 571, 43951
List the prime factors of 60280142.
2, 13, 2318467
What are the prime factors of 369908135?
5, 1873, 39499
What are the prime factors of 202010588?
2, 13, 3884819
What are the prime factors of 19604331?
3, 2178259
List the prime factors of 208740417.
3, 1223, 56893
What are the prime factors of 78210216?
2, 3, 7, 29, 5351
List the prime factors of 356764381.
356764381
What are the prime factors of 3823276393?
29, 83, 1588399
List the prime factors of 1287248191.
167, 1567, 4919
What are the prime factors of 725124021?
3, 491, 607, 811
List the prime factors of 151480478.
2, 83, 912533
List the prime factors of 424735433.
31, 13701143
List the prime factors of 2688728.
2, 7, 19
What are the prime factors of 83677259?
83677259
List the prime factors of 332426638.
2, 166213319
List the prime factors of 10823556.
2, 3, 901963
What are the prime factors of 663899460?
2, 3, 5, 7, 1580713
What are the prime factors of 307933914?
2, 3, 1187, 43237
List the prime factors of 50356996.
2, 53, 179, 1327
What are the prime factors of 18014694?
2, 3, 3002449
What are the prime factors of 1356967209?
3, 13, 229, 151939
List the prime factors of 778410935.
5, 61, 83, 97, 317
What are the prime factors of 352764049?
11, 89, 193, 1867
What are the prime factors of 1109812925?
5, 13, 3414809
What are the prime factors of 18139110?
2, 3, 5, 11, 19, 263
What are the prime factors of 25833431?
13, 1171, 1697
List the prime factors of 89934456.
2, 3, 613, 6113
List the prime factors of 980780985.
3, 5, 21795133
List the prime factors of 4486454.
2, 7, 67, 4783
What are the prime factors of 127779210?
2, 3, 5, 13, 31, 271
What are the prime factors of 103587557?
983, 105379
What are the prime factors of 1545090904?
2, 7, 41, 672949
What are the prime factors of 839061959?
29, 4799, 6029
List the prime factors of 1143906401.
11, 103991491
List the prime factors of 2135461046.
2, 431, 2477333
What are the prime factors of 3733325481?
3, 1244441827
List the prime factors of 61124341.
2621, 23321
What are the prime factors of 1919638538?
2, 17, 79, 151, 4733
What are the prime factors of 840382983?
3, 11, 47, 179, 1009
What are the prime factors of 1208903494?
2, 604451747
What are